{"id":1975,"date":"2020-09-09T09:56:54","date_gmt":"2020-09-09T09:56:54","guid":{"rendered":"https:\/\/brolaegger.emgruppen.com\/?page_id=1975"},"modified":"2023-10-17T14:40:10","modified_gmt":"2023-10-17T14:40:10","slug":"blog","status":"publish","type":"page","link":"https:\/\/brolaegger.emgruppen.com\/index.php\/blog\/","title":{"rendered":"Blog"},"content":{"rendered":"\n<div data-aos= \"fade-left\" data-aos-duration=\"400\" data-aos-delay=\"0\" data-aos-easing=\"ease\" data-aos-once=\"true\" class=\"wp-block-uagb-container uagb-block-0546044c alignfull uagb-is-root-container\"><div class=\"uagb-container-inner-blocks-wrap\">\n<div class=\"wp-block-uagb-container uagb-block-8a7db70f\">\n<div data-aos= \"fade-right\" data-aos-duration=\"400\" data-aos-delay=\"0\" data-aos-easing=\"ease\" data-aos-once=\"true\" class=\"wp-block-uagb-advanced-heading uagb-block-d2b6332f\"><h1 class=\"uagb-heading-text\">Blog<\/h1><\/div>\n\n\n\n<p><\/p>\n\n\n\n<div class=\"wp-block-uagb-advanced-heading uagb-block-0b7c7a48\"><h2 class=\"uagb-heading-text\">Her finder du nyheder, opdateringer og seneste nyt om vores f\u00e6rdige, igangv\u00e6rende og kommende projekter.<\/h2><\/div>\n<\/div>\n\n\n\n<div data-aos= \"fade-left\" data-aos-duration=\"400\" data-aos-delay=\"0\" data-aos-easing=\"ease\" data-aos-once=\"true\" class=\"wp-block-uagb-container uagb-block-3f46c951\">\n<div class=\"wp-block-uagb-info-box uagb-block-06d39d67 uagb-infobox__content-wrap  uagb-infobox-icon-above-title uagb-infobox-image-valign-top\"><div class=\"uagb-ifb-content\"><div class=\"uagb-ifb-title-wrap\"><div class=\"uagb-ifb-separator\"><\/div><h5 class=\"uagb-ifb-title\"><strong>F\u00e5 et gratis tilbud<\/strong><\/h5><\/div><\/div><\/div>\n\n\n<div class=\"wpforms-container wpforms-block wpforms-block-0d1f5390-d2b8-4a75-aa2a-0045c72d0a74\" id=\"wpforms-1397\"><form id=\"wpforms-form-1397\" class=\"wpforms-validate wpforms-form\" data-formid=\"1397\" method=\"post\" enctype=\"multipart\/form-data\" action=\"\/index.php\/wp-json\/wp\/v2\/pages\/1975\" data-token=\"1efa7e3d111f457049de901ef29cb5f0\" data-token-time=\"1776217874\"><noscript class=\"wpforms-error-noscript\">Please enable JavaScript in your browser to complete this form.<\/noscript><div class=\"wpforms-field-container\"><div id=\"wpforms-1397-field_0-container\" class=\"wpforms-field wpforms-field-name\" data-field-id=\"0\"><label class=\"wpforms-field-label wpforms-label-hide\" for=\"wpforms-1397-field_0\">Navn: <span class=\"wpforms-required-label\">*<\/span><\/label><input type=\"text\" id=\"wpforms-1397-field_0\" class=\"wpforms-field-large wpforms-field-required\" name=\"wpforms[fields][0]\" placeholder=\"Navn*\" required><div class=\"wpforms-field-description\">Indtast dit navn<\/div><\/div><div id=\"wpforms-1397-field_9-container\" class=\"wpforms-field wpforms-field-text\" data-field-id=\"9\"><label class=\"wpforms-field-label wpforms-label-hide\" for=\"wpforms-1397-field_9\">Email <span class=\"wpforms-required-label\">*<\/span><\/label><input type=\"text\" id=\"wpforms-1397-field_9\" class=\"wpforms-field-large wpforms-field-required\" name=\"wpforms[fields][9]\" placeholder=\"Email*\" required><div class=\"wpforms-field-description\">Indtast din e-mail-adresse<\/div><\/div><div id=\"wpforms-1397-field_3-container\" class=\"wpforms-field wpforms-field-number\" data-field-id=\"3\"><label class=\"wpforms-field-label wpforms-label-hide\" for=\"wpforms-1397-field_3\">Telefon <span class=\"wpforms-required-label\">*<\/span><\/label><input type=\"number\" id=\"wpforms-1397-field_3\" class=\"wpforms-field-large wpforms-field-required\" name=\"wpforms[fields][3]\" placeholder=\"Telefon*\" step=\"any\" required><div class=\"wpforms-field-description\">Indtast dit telefonnummer<\/div><\/div><div id=\"wpforms-1397-field_6-container\" class=\"wpforms-field wpforms-field-select wpforms-field-select-style-classic\" data-field-id=\"6\"><label class=\"wpforms-field-label wpforms-label-hide\" for=\"wpforms-1397-field_6\">Bel\u00e6gningsomr\u00e5det <span class=\"wpforms-required-label\">*<\/span><\/label><select id=\"wpforms-1397-field_6\" class=\"wpforms-field-large wpforms-field-required\" name=\"wpforms[fields][6]\" required=\"required\"><option value=\"\" class=\"placeholder\" disabled >V\u00e6lg p\u00e5kr\u00e6vet service*<\/option><option value=\"Indk\u00f8rsler\"  selected='selected' class=\"choice-1 depth-1\"  >Indk\u00f8rsler<\/option><option value=\"Terrasser\"  class=\"choice-2 depth-1\"  >Terrasser<\/option><option value=\"Gangstier\"  class=\"choice-7 depth-1\"  >Gangstier<\/option><option value=\"Parkeringspladser\"  class=\"choice-6 depth-1\"  >Parkeringspladser<\/option><option value=\"Andet omr\u00e5de\"  class=\"choice-5 depth-1\"  >Andet omr\u00e5de<\/option><\/select><\/div><div id=\"wpforms-1397-field_11-container\" class=\"wpforms-field wpforms-field-textarea\" data-field-id=\"11\"><label class=\"wpforms-field-label wpforms-label-hide\" for=\"wpforms-1397-field_11\">Yderligere kommentarer <span class=\"wpforms-required-label\">*<\/span><\/label><textarea id=\"wpforms-1397-field_11\" class=\"wpforms-field-medium wpforms-field-required\" name=\"wpforms[fields][11]\" placeholder=\"Yderligere kommentarer*\" required><\/textarea><div class=\"wpforms-field-description\">Indtast eventuelle ekstra kommentarer eller specifikationer her.<\/div><\/div><\/div><!-- .wpforms-field-container --><div class=\"wpforms-field wpforms-field-hp\"><label for=\"wpforms-1397-field-hp\" class=\"wpforms-field-label\">Website<\/label><input type=\"text\" name=\"wpforms[hp]\" id=\"wpforms-1397-field-hp\" class=\"wpforms-field-medium\"><\/div><div class=\"wpforms-submit-container\" ><input type=\"hidden\" name=\"wpforms[id]\" value=\"1397\"><input type=\"hidden\" name=\"page_title\" value=\"\"><input type=\"hidden\" name=\"page_url\" value=\"https:\/\/brolaegger.emgruppen.com\/index.php\/wp-json\/wp\/v2\/pages\/1975\"><input type=\"hidden\" name=\"url_referer\" value=\"\"><button type=\"submit\" name=\"wpforms[submit]\" id=\"wpforms-submit-1397\" class=\"wpforms-submit\" data-alt-text=\"Sender...\" data-submit-text=\"Send besked\" aria-live=\"assertive\" value=\"wpforms-submit\">Send besked<\/button><\/div><\/form><\/div>  <!-- .wpforms-container --><\/div>\n\n\n\n<div data-aos= \"fade-left\" data-aos-duration=\"400\" data-aos-delay=\"0\" data-aos-easing=\"ease\" data-aos-once=\"true\" class=\"wp-block-uagb-container uagb-block-09d56367\">\n<div class=\"wp-block-uagb-advanced-heading uagb-block-c78a2415\"><h4 class=\"uagb-heading-text\">Vi svarer \u00f8jeblikkeligt syv dage om ugen<\/h4><\/div>\n<\/div>\n<\/div><\/div>\n\n\n\t\t\t<div class = \"\n\t\t\twp-block-uagb-post-timeline uagb-timeline__outer-wrap uagb-block-dd56f0a3    uagb-timeline__arrow-center uagb-timeline__center-block uagb_timeline__cta-enable uagb-timeline uagb-timeline__content-wrap\t\t\tuagb-timeline__arrow-center uagb-timeline__center-block uagb_timeline__cta-enable uagb-timeline uagb-timeline__content-wrap\t\t\t\"\n\t\t\tstyle=\"\" >\n\t\t\t\t\t\t\t\t\t\t\t<article class = \"uagb-timeline__field  uagb-timeline__right\">\n\t\t\t\t\t\t\t\t<div class = \"uagb-timeline__marker uagb-timeline__out-view-icon\" >\n\t\t\t\t<span class = \"uagb-timeline__icon-new uagb-timeline__out-view-icon\" >\t\t\t\t<svg xmlns=\"https:\/\/www.w3.org\/2000\/svg\" viewBox= \"0 0 448 512\"><path d=\"M160 32V64H288V32C288 14.33 302.3 0 320 0C337.7 0 352 14.33 352 32V64H400C426.5 64 448 85.49 448 112V160H0V112C0 85.49 21.49 64 48 64H96V32C96 14.33 110.3 0 128 0C145.7 0 160 14.33 160 32zM0 192H448V464C448 490.5 426.5 512 400 512H48C21.49 512 0 490.5 0 464V192zM64 304C64 312.8 71.16 320 80 320H112C120.8 320 128 312.8 128 304V272C128 263.2 120.8 256 112 256H80C71.16 256 64 263.2 64 272V304zM192 304C192 312.8 199.2 320 208 320H240C248.8 320 256 312.8 256 304V272C256 263.2 248.8 256 240 256H208C199.2 256 192 263.2 192 272V304zM336 256C327.2 256 320 263.2 320 272V304C320 312.8 327.2 320 336 320H368C376.8 320 384 312.8 384 304V272C384 263.2 376.8 256 368 256H336zM64 432C64 440.8 71.16 448 80 448H112C120.8 448 128 440.8 128 432V400C128 391.2 120.8 384 112 384H80C71.16 384 64 391.2 64 400V432zM208 384C199.2 384 192 391.2 192 400V432C192 440.8 199.2 448 208 448H240C248.8 448 256 440.8 256 432V400C256 391.2 248.8 384 240 384H208zM320 432C320 440.8 327.2 448 336 448H368C376.8 448 384 440.8 384 432V400C384 391.2 376.8 384 368 384H336C327.2 384 320 391.2 320 400V432z\"><\/path><\/svg>\n\t\t\t\t<\/span>\n\t\t\t<\/div>\n\t\t\t\t\t\t\t\t<div class = \"uagb-timeline__day-new uagb-timeline__day-right uagb-timeline__events-inner-new\" >\n\t\t\t\t\t\t<div class=\"uagb-timeline__events-inner--content\">\n\t\t\t\t\t\t\t\t\t\t\t<div datetime=\"2023-11-08T15:28:09+00:00\" class=\"uagb-timeline__date-hide uagb-timeline__inner-date-new\">\n\t\t\t\tNovember 8, 2023\t\t\t<\/div>\n\t\t\t\t\t\t\t\t\t\t\t\t\t\t\t\t\t\t\t\t\t\t\t\t\t\t<h3 class=\"uagb-timeline__heading\" >\n\t\t\t\t\t<a href=\"https:\/\/brolaegger.emgruppen.com\/index.php\/2023\/11\/08\/brolaegger-valby\/\" target=\"_self\" rel=\"noopener noreferrer\">Valby<\/a>\n\t\t\t\t<\/h3>\n\t\t\t\t\t\t\t\t\t\t\t<span class=\"dashicons-admin-users dashicons\"><\/span>\n\t\t\t\t<a class=\"uagb-timeline__author-link\" href=\"https:\/\/brolaegger.emgruppen.com\/index.php\/author\/em-gruppen\/\">EM Gruppen<\/a>\n\t\t\t\t\t\t\t<div class=\"uagb-timeline-desc-content\">\n\t\t\t\t<p>Brol\u00e6gger EM Gruppen &#8211; 84kvm terrasse og indk\u00f8rsel i valby f\u00e6rdiggjort p\u00e5 4 dage.<\/p>\n\t\t\t<\/div>\n\t\t\t\t\t\t<div class=\"uagb-timeline__link_parent wp-block-button\">\n\t\t\t\t<a class=\"uagb-timeline__link wp-block-button__link\" style=\"\" href=\"https:\/\/brolaegger.emgruppen.com\/index.php\/2023\/11\/08\/brolaegger-valby\/\" target=\"_self\" rel=\" noopener noreferrer\">Read More<\/a>\n\t\t\t<\/div>\n\t\t\t\t\t\t\t\t\t\t\t<div class = \"uagb-timeline__arrow\"><\/div>\n\t\t\t\t\t\t<\/div>\n\t\t\t\t\t<\/div>\n\t\t\t\t\t\t\t\t\t\t\t\t\t\t<div datetime=\"2023-11-08T15:28:09+00:00\" class=\"uagb-timeline__date-new\">\n\t\t\t\tNovember 8, 2023\t\t\t<\/div>\n\t\t\t\t\t\t\t\t\t\t\t<\/article>\n\t\t\t\t\t\t<article class = \"uagb-timeline__field  uagb-timeline__left\">\n\t\t\t\t\t\t\t\t<div class = \"uagb-timeline__marker uagb-timeline__out-view-icon\" >\n\t\t\t\t<span class = \"uagb-timeline__icon-new uagb-timeline__out-view-icon\" >\t\t\t\t<svg xmlns=\"https:\/\/www.w3.org\/2000\/svg\" viewBox= \"0 0 448 512\"><path d=\"M160 32V64H288V32C288 14.33 302.3 0 320 0C337.7 0 352 14.33 352 32V64H400C426.5 64 448 85.49 448 112V160H0V112C0 85.49 21.49 64 48 64H96V32C96 14.33 110.3 0 128 0C145.7 0 160 14.33 160 32zM0 192H448V464C448 490.5 426.5 512 400 512H48C21.49 512 0 490.5 0 464V192zM64 304C64 312.8 71.16 320 80 320H112C120.8 320 128 312.8 128 304V272C128 263.2 120.8 256 112 256H80C71.16 256 64 263.2 64 272V304zM192 304C192 312.8 199.2 320 208 320H240C248.8 320 256 312.8 256 304V272C256 263.2 248.8 256 240 256H208C199.2 256 192 263.2 192 272V304zM336 256C327.2 256 320 263.2 320 272V304C320 312.8 327.2 320 336 320H368C376.8 320 384 312.8 384 304V272C384 263.2 376.8 256 368 256H336zM64 432C64 440.8 71.16 448 80 448H112C120.8 448 128 440.8 128 432V400C128 391.2 120.8 384 112 384H80C71.16 384 64 391.2 64 400V432zM208 384C199.2 384 192 391.2 192 400V432C192 440.8 199.2 448 208 448H240C248.8 448 256 440.8 256 432V400C256 391.2 248.8 384 240 384H208zM320 432C320 440.8 327.2 448 336 448H368C376.8 448 384 440.8 384 432V400C384 391.2 376.8 384 368 384H336C327.2 384 320 391.2 320 400V432z\"><\/path><\/svg>\n\t\t\t\t<\/span>\n\t\t\t<\/div>\n\t\t\t\t\t\t\t\t<div class = \"uagb-timeline__day-new uagb-timeline__day-left uagb-timeline__events-inner-new\" >\n\t\t\t\t\t\t<div class=\"uagb-timeline__events-inner--content\">\n\t\t\t\t\t\t\t\t\t\t\t<div datetime=\"2023-09-15T12:36:13+00:00\" class=\"uagb-timeline__date-hide uagb-timeline__inner-date-new\">\n\t\t\t\tSeptember 15, 2023\t\t\t<\/div>\n\t\t\t\t\t\t\t\t\t\t\t\t\t\t<a class='uagb-timeline__image' href=\"https:\/\/brolaegger.emgruppen.com\/index.php\/2023\/09\/15\/brolaegger-brondby\/\" target=\"_self\" rel=\"noopener noreferrer\"><img loading=\"lazy\" decoding=\"async\" width=\"1024\" height=\"768\" src=\"https:\/\/brolaegger.emgruppen.com\/wp-content\/uploads\/2023\/10\/P_20211008_163654-scaled-1-1024x768.jpg\" class=\"attachment-large size-large\" alt=\"Brol\u00e6gger - Br\u00f8ndby Strand\" srcset=\"https:\/\/brolaegger.emgruppen.com\/wp-content\/uploads\/2023\/10\/P_20211008_163654-scaled-1-1024x768.jpg 1024w, https:\/\/brolaegger.emgruppen.com\/wp-content\/uploads\/2023\/10\/P_20211008_163654-scaled-1-300x225.jpg 300w, https:\/\/brolaegger.emgruppen.com\/wp-content\/uploads\/2023\/10\/P_20211008_163654-scaled-1-768x576.jpg 768w, https:\/\/brolaegger.emgruppen.com\/wp-content\/uploads\/2023\/10\/P_20211008_163654-scaled-1-1536x1152.jpg 1536w, https:\/\/brolaegger.emgruppen.com\/wp-content\/uploads\/2023\/10\/P_20211008_163654-scaled-1-2048x1536.jpg 2048w\" sizes=\"(max-width: 1024px) 100vw, 1024px\" \/>\t\t\t\t<\/a>\n\t\t\t\t\t\t\t\t\t\t\t\t\t\t\t\t\t\t\t<h3 class=\"uagb-timeline__heading\" >\n\t\t\t\t\t<a href=\"https:\/\/brolaegger.emgruppen.com\/index.php\/2023\/09\/15\/brolaegger-brondby\/\" target=\"_self\" rel=\"noopener noreferrer\">Br\u00f8ndby Strand<\/a>\n\t\t\t\t<\/h3>\n\t\t\t\t\t\t\t\t\t\t\t<span class=\"dashicons-admin-users dashicons\"><\/span>\n\t\t\t\t<a class=\"uagb-timeline__author-link\" href=\"https:\/\/brolaegger.emgruppen.com\/index.php\/author\/em-gruppen\/\">EM Gruppen<\/a>\n\t\t\t\t\t\t\t<div class=\"uagb-timeline-desc-content\">\n\t\t\t\t<p>Brol\u00e6gger EM Gruppen &#8211; 240kvm terrasse og indk\u00f8rsel i Br\u00f8ndby Strand f\u00e6rdiggjort p\u00e5 7 dage.<\/p>\n\t\t\t<\/div>\n\t\t\t\t\t\t<div class=\"uagb-timeline__link_parent wp-block-button\">\n\t\t\t\t<a class=\"uagb-timeline__link wp-block-button__link\" style=\"\" href=\"https:\/\/brolaegger.emgruppen.com\/index.php\/2023\/09\/15\/brolaegger-brondby\/\" target=\"_self\" rel=\" noopener noreferrer\">Read More<\/a>\n\t\t\t<\/div>\n\t\t\t\t\t\t\t\t\t\t\t<div class = \"uagb-timeline__arrow\"><\/div>\n\t\t\t\t\t\t<\/div>\n\t\t\t\t\t<\/div>\n\t\t\t\t\t\t\t\t\t\t\t\t\t\t<div datetime=\"2023-09-15T12:36:13+00:00\" class=\"uagb-timeline__date-new\">\n\t\t\t\tSeptember 15, 2023\t\t\t<\/div>\n\t\t\t\t\t\t\t\t\t\t\t<\/article>\n\t\t\t\t\t\t\t\t\t\t<div class = \"uagb-timeline__line\" >\n\t\t\t\t\t<div class = \"uagb-timeline__line__inner\"><\/div>\n\t\t\t\t<\/div>\n\t\t\t<\/div>\n\t\t\t","protected":false},"excerpt":{"rendered":"<p>Blog Her finder du nyheder, opdateringer og seneste nyt om vores f\u00e6rdige, igangv\u00e6rende og kommende projekter. Vi svarer \u00f8jeblikkeligt syv dage om ugen<\/p>\n","protected":false},"author":1,"featured_media":0,"parent":0,"menu_order":0,"comment_status":"closed","ping_status":"closed","template":"","meta":{"_uag_custom_page_level_css":"","_monsterinsights_skip_tracking":false,"_monsterinsights_sitenote_active":false,"_monsterinsights_sitenote_note":"","_monsterinsights_sitenote_category":0,"site-sidebar-layout":"no-sidebar","site-content-layout":"plain-container","ast-site-content-layout":"normal-width-container","site-content-style":"unboxed","site-sidebar-style":"unboxed","ast-global-header-display":"","ast-banner-title-visibility":"","ast-main-header-display":"","ast-hfb-above-header-display":"","ast-hfb-below-header-display":"","ast-hfb-mobile-header-display":"","site-post-title":"disabled","ast-breadcrumbs-content":"","ast-featured-img":"","footer-sml-layout":"","theme-transparent-header-meta":"enabled","adv-header-id-meta":"","stick-header-meta":"","header-above-stick-meta":"","header-main-stick-meta":"","header-below-stick-meta":"","astra-migrate-meta-layouts":"set","ast-page-background-enabled":"default","ast-page-background-meta":{"desktop":{"background-color":"","background-image":"","background-repeat":"repeat","background-position":"center center","background-size":"auto","background-attachment":"scroll","background-type":"","background-media":"","overlay-type":"","overlay-color":"","overlay-opacity":"","overlay-gradient":""},"tablet":{"background-color":"","background-image":"","background-repeat":"repeat","background-position":"center center","background-size":"auto","background-attachment":"scroll","background-type":"","background-media":"","overlay-type":"","overlay-color":"","overlay-opacity":"","overlay-gradient":""},"mobile":{"background-color":"","background-image":"","background-repeat":"repeat","background-position":"center center","background-size":"auto","background-attachment":"scroll","background-type":"","background-media":"","overlay-type":"","overlay-color":"","overlay-opacity":"","overlay-gradient":""}},"ast-content-background-meta":{"desktop":{"background-color":"var(--ast-global-color-5)","background-image":"","background-repeat":"repeat","background-position":"center center","background-size":"auto","background-attachment":"scroll","background-type":"","background-media":"","overlay-type":"","overlay-color":"","overlay-opacity":"","overlay-gradient":""},"tablet":{"background-color":"var(--ast-global-color-5)","background-image":"","background-repeat":"repeat","background-position":"center center","background-size":"auto","background-attachment":"scroll","background-type":"","background-media":"","overlay-type":"","overlay-color":"","overlay-opacity":"","overlay-gradient":""},"mobile":{"background-color":"var(--ast-global-color-5)","background-image":"","background-repeat":"repeat","background-position":"center center","background-size":"auto","background-attachment":"scroll","background-type":"","background-media":"","overlay-type":"","overlay-color":"","overlay-opacity":"","overlay-gradient":""}},"footnotes":""},"yoast_head":"<!-- This site is optimized with the Yoast SEO plugin v24.5 - https:\/\/yoast.com\/wordpress\/plugins\/seo\/ -->\n<title>Blog - Brol\u00e6gger EM Gruppen<\/title>\n<meta name=\"description\" content=\"Her finder du nyheder, opdateringer og seneste nyt om vores f\u00e6rdige, igangv\u00e6rende og kommende projekter.\" \/>\n<meta name=\"robots\" content=\"index, follow, max-snippet:-1, max-image-preview:large, max-video-preview:-1\" \/>\n<link rel=\"canonical\" href=\"https:\/\/brolaegger.emgruppen.com\/index.php\/blog\/\" \/>\n<meta property=\"og:locale\" content=\"en_US\" \/>\n<meta property=\"og:type\" content=\"article\" \/>\n<meta property=\"og:title\" content=\"Blog - Brol\u00e6gger EM Gruppen\" \/>\n<meta property=\"og:description\" content=\"Her finder du nyheder, opdateringer og seneste nyt om vores f\u00e6rdige, igangv\u00e6rende og kommende projekter.\" \/>\n<meta property=\"og:url\" content=\"https:\/\/brolaegger.emgruppen.com\/index.php\/blog\/\" \/>\n<meta property=\"og:site_name\" content=\"Brol\u00e6gger EM Gruppen\" \/>\n<meta property=\"article:modified_time\" content=\"2023-10-17T14:40:10+00:00\" \/>\n<meta name=\"twitter:card\" content=\"summary_large_image\" \/>\n<meta name=\"twitter:label1\" content=\"Est. reading time\" \/>\n\t<meta name=\"twitter:data1\" content=\"1 minute\" \/>\n<script type=\"application\/ld+json\" class=\"yoast-schema-graph\">{\"@context\":\"https:\/\/schema.org\",\"@graph\":[{\"@type\":\"WebPage\",\"@id\":\"https:\/\/brolaegger.emgruppen.com\/index.php\/blog\/\",\"url\":\"https:\/\/brolaegger.emgruppen.com\/index.php\/blog\/\",\"name\":\"Blog - Brol\u00e6gger EM Gruppen\",\"isPartOf\":{\"@id\":\"https:\/\/brolaegger.emgruppen.com\/#website\"},\"datePublished\":\"2020-09-09T09:56:54+00:00\",\"dateModified\":\"2023-10-17T14:40:10+00:00\",\"description\":\"Her finder du nyheder, opdateringer og seneste nyt om vores f\u00e6rdige, igangv\u00e6rende og kommende projekter.\",\"breadcrumb\":{\"@id\":\"https:\/\/brolaegger.emgruppen.com\/index.php\/blog\/#breadcrumb\"},\"inLanguage\":\"en-US\",\"potentialAction\":[{\"@type\":\"ReadAction\",\"target\":[\"https:\/\/brolaegger.emgruppen.com\/index.php\/blog\/\"]}]},{\"@type\":\"BreadcrumbList\",\"@id\":\"https:\/\/brolaegger.emgruppen.com\/index.php\/blog\/#breadcrumb\",\"itemListElement\":[{\"@type\":\"ListItem\",\"position\":1,\"name\":\"Home\",\"item\":\"https:\/\/brolaegger.emgruppen.com\/\"},{\"@type\":\"ListItem\",\"position\":2,\"name\":\"Blog\"}]},{\"@type\":\"WebSite\",\"@id\":\"https:\/\/brolaegger.emgruppen.com\/#website\",\"url\":\"https:\/\/brolaegger.emgruppen.com\/\",\"name\":\"Brol\u00e6gger EM Gruppen\",\"description\":\"\",\"publisher\":{\"@id\":\"https:\/\/brolaegger.emgruppen.com\/#organization\"},\"potentialAction\":[{\"@type\":\"SearchAction\",\"target\":{\"@type\":\"EntryPoint\",\"urlTemplate\":\"https:\/\/brolaegger.emgruppen.com\/?s={search_term_string}\"},\"query-input\":{\"@type\":\"PropertyValueSpecification\",\"valueRequired\":true,\"valueName\":\"search_term_string\"}}],\"inLanguage\":\"en-US\"},{\"@type\":\"Organization\",\"@id\":\"https:\/\/brolaegger.emgruppen.com\/#organization\",\"name\":\"Brol\u00e6gger EM Gruppen\",\"url\":\"https:\/\/brolaegger.emgruppen.com\/\",\"logo\":{\"@type\":\"ImageObject\",\"inLanguage\":\"en-US\",\"@id\":\"https:\/\/brolaegger.emgruppen.com\/#\/schema\/logo\/image\/\",\"url\":\"https:\/\/brolaegger.emgruppen.com\/wp-content\/uploads\/2023\/09\/cropped-IMG_20230916_180115.png\",\"contentUrl\":\"https:\/\/brolaegger.emgruppen.com\/wp-content\/uploads\/2023\/09\/cropped-IMG_20230916_180115.png\",\"width\":3963,\"height\":1532,\"caption\":\"Brol\u00e6gger EM Gruppen\"},\"image\":{\"@id\":\"https:\/\/brolaegger.emgruppen.com\/#\/schema\/logo\/image\/\"},\"sameAs\":[\"https:\/\/www.instagram.com\/brolaegger_emgruppen\"]}]}<\/script>\n<!-- \/ Yoast SEO plugin. -->","yoast_head_json":{"title":"Blog - Brol\u00e6gger EM Gruppen","description":"Her finder du nyheder, opdateringer og seneste nyt om vores f\u00e6rdige, igangv\u00e6rende og kommende projekter.","robots":{"index":"index","follow":"follow","max-snippet":"max-snippet:-1","max-image-preview":"max-image-preview:large","max-video-preview":"max-video-preview:-1"},"canonical":"https:\/\/brolaegger.emgruppen.com\/index.php\/blog\/","og_locale":"en_US","og_type":"article","og_title":"Blog - Brol\u00e6gger EM Gruppen","og_description":"Her finder du nyheder, opdateringer og seneste nyt om vores f\u00e6rdige, igangv\u00e6rende og kommende projekter.","og_url":"https:\/\/brolaegger.emgruppen.com\/index.php\/blog\/","og_site_name":"Brol\u00e6gger EM Gruppen","article_modified_time":"2023-10-17T14:40:10+00:00","twitter_card":"summary_large_image","twitter_misc":{"Est. reading time":"1 minute"},"schema":{"@context":"https:\/\/schema.org","@graph":[{"@type":"WebPage","@id":"https:\/\/brolaegger.emgruppen.com\/index.php\/blog\/","url":"https:\/\/brolaegger.emgruppen.com\/index.php\/blog\/","name":"Blog - Brol\u00e6gger EM Gruppen","isPartOf":{"@id":"https:\/\/brolaegger.emgruppen.com\/#website"},"datePublished":"2020-09-09T09:56:54+00:00","dateModified":"2023-10-17T14:40:10+00:00","description":"Her finder du nyheder, opdateringer og seneste nyt om vores f\u00e6rdige, igangv\u00e6rende og kommende projekter.","breadcrumb":{"@id":"https:\/\/brolaegger.emgruppen.com\/index.php\/blog\/#breadcrumb"},"inLanguage":"en-US","potentialAction":[{"@type":"ReadAction","target":["https:\/\/brolaegger.emgruppen.com\/index.php\/blog\/"]}]},{"@type":"BreadcrumbList","@id":"https:\/\/brolaegger.emgruppen.com\/index.php\/blog\/#breadcrumb","itemListElement":[{"@type":"ListItem","position":1,"name":"Home","item":"https:\/\/brolaegger.emgruppen.com\/"},{"@type":"ListItem","position":2,"name":"Blog"}]},{"@type":"WebSite","@id":"https:\/\/brolaegger.emgruppen.com\/#website","url":"https:\/\/brolaegger.emgruppen.com\/","name":"Brol\u00e6gger EM Gruppen","description":"","publisher":{"@id":"https:\/\/brolaegger.emgruppen.com\/#organization"},"potentialAction":[{"@type":"SearchAction","target":{"@type":"EntryPoint","urlTemplate":"https:\/\/brolaegger.emgruppen.com\/?s={search_term_string}"},"query-input":{"@type":"PropertyValueSpecification","valueRequired":true,"valueName":"search_term_string"}}],"inLanguage":"en-US"},{"@type":"Organization","@id":"https:\/\/brolaegger.emgruppen.com\/#organization","name":"Brol\u00e6gger EM Gruppen","url":"https:\/\/brolaegger.emgruppen.com\/","logo":{"@type":"ImageObject","inLanguage":"en-US","@id":"https:\/\/brolaegger.emgruppen.com\/#\/schema\/logo\/image\/","url":"https:\/\/brolaegger.emgruppen.com\/wp-content\/uploads\/2023\/09\/cropped-IMG_20230916_180115.png","contentUrl":"https:\/\/brolaegger.emgruppen.com\/wp-content\/uploads\/2023\/09\/cropped-IMG_20230916_180115.png","width":3963,"height":1532,"caption":"Brol\u00e6gger EM Gruppen"},"image":{"@id":"https:\/\/brolaegger.emgruppen.com\/#\/schema\/logo\/image\/"},"sameAs":["https:\/\/www.instagram.com\/brolaegger_emgruppen"]}]}},"uagb_featured_image_src":{"full":false,"thumbnail":false,"medium":false,"medium_large":false,"large":false,"1536x1536":false,"2048x2048":false},"uagb_author_info":{"display_name":"EM Gruppen","author_link":"https:\/\/brolaegger.emgruppen.com\/index.php\/author\/emiljano-unik\/"},"uagb_comment_info":0,"uagb_excerpt":"Blog Her finder du nyheder, opdateringer og seneste nyt om vores f\u00e6rdige, igangv\u00e6rende og kommende projekter. Vi svarer \u00f8jeblikkeligt syv dage om ugen","_links":{"self":[{"href":"https:\/\/brolaegger.emgruppen.com\/index.php\/wp-json\/wp\/v2\/pages\/1975"}],"collection":[{"href":"https:\/\/brolaegger.emgruppen.com\/index.php\/wp-json\/wp\/v2\/pages"}],"about":[{"href":"https:\/\/brolaegger.emgruppen.com\/index.php\/wp-json\/wp\/v2\/types\/page"}],"author":[{"embeddable":true,"href":"https:\/\/brolaegger.emgruppen.com\/index.php\/wp-json\/wp\/v2\/users\/1"}],"replies":[{"embeddable":true,"href":"https:\/\/brolaegger.emgruppen.com\/index.php\/wp-json\/wp\/v2\/comments?post=1975"}],"version-history":[{"count":3,"href":"https:\/\/brolaegger.emgruppen.com\/index.php\/wp-json\/wp\/v2\/pages\/1975\/revisions"}],"predecessor-version":[{"id":1983,"href":"https:\/\/brolaegger.emgruppen.com\/index.php\/wp-json\/wp\/v2\/pages\/1975\/revisions\/1983"}],"wp:attachment":[{"href":"https:\/\/brolaegger.emgruppen.com\/index.php\/wp-json\/wp\/v2\/media?parent=1975"}],"curies":[{"name":"wp","href":"https:\/\/api.w.org\/{rel}","templated":true}]}}